= 2*j - 12, t = -2*j + 9. Let z(a) be the third derivative of 13*a**5/6 - a**3/6 - 12*a**2. What is the hundreds digit of z(t)?
1
Let m = 583 + 54. Let u = m + -152. What is the units digit of u?
5
Let r be ((-42)/(-28))/(3/326*1). Let y = r - 150. What is the units digit of y?
3
Suppose 1079040 = 217*a - 57*a. What is the hundreds digit of a?
7
Let f(j) = j**3 + 39*j**2 - 63*j + 5. Let b be f(-42). Let d = b + 3859. What is the thousands digit of d?
1
Let k(m) = -2*m**3 - 1. Let w(s) = 9*s**3 + 29*s**2 - 31*s - 24. Let j(l) = -5*k(l) - w(l). What is the tens digit of j(28)?
1
Let x(n) = 3*n - 4. Let j be x(4). What is the tens digit of (39/(-6))/(j/(-368))?
9
Suppose 2*d - 22 = -2*r, 5*r = -3*d + 4*d - 35. Let o(x) = -x**2 + 38*x. What is the hundreds digit of o(d)?
3
Suppose 12*l - 45372 = 75336. What is the tens digit of l?
5
Let b = 24671 - -10698. What is the units digit of b?
9
Let t = 108 + 32. Let x = -46 + t. What is the units digit of 1/(((-10)/x)/(-5))?
7
Let v(h) = 42*h**2 - 91*h + 2. Let q be v(8). Suppose -108*w + 105*w = -q. What is the units digit of w?
4
Let y(r) be the first derivative of 27*r**2/2 - 135*r - 300. What is the units digit of y(19)?
8
Let a = -15708 - -40422. What is the hundreds digit of a?
7
Let l(j) = -72*j. Let p be l(-2). Suppose -2*n - 2*n - 16 = 0, 236 = -4*o + 2*n. Let v = o + p. What is the units digit of v?
3
Suppose 0 = 2*v + 3*v - 4*x - 25, 4*v + 6 = -2*x. Let r(g) = 100*g**3 - 3 + 569*g - 281*g + 2 - 3*g**2 - 285*g. What is the tens digit of r(v)?
9
Suppose -z - 2*z - 17 = -r, 0 = 5*z + 25. Suppose r + 13 = 5*m. What is the units digit of -3 - (-2 + 0)*m?
3
Let o = -10638 + 22566. What is the hundreds digit of o?
9
Suppose 38*f - 153*f = -2158780. What is the ten thousands digit of f?
1
What is the thousands digit of (0 + (1 - 0))/((-1779)/(-88857492))?
9
Suppose 0 = 4*r + 5*i - 3125, -4*r + i + 1201 + 1918 = 0. Suppose 0 = -3*b + 3*a + 3144, 3*b + r = -3*a + 3894. What is the tens digit of b?
4
Let j(m) = -45*m - 7. Let w be j(2). Let c = -5 - w. Suppose 0 = -q, -6*u + 4*u + c = -3*q. What is the tens digit of u?
4
Let u(f) = -8*f + f**2 + 34*f + 3*f + 42 - 12. Let b be u(-28). What is the tens digit of (b/6)/(5/(-10))*-108?
7
Let l = 28868 - -2707. What is the tens digit of l?
7
Let d(g) = 404*g**3 + 13*g**2 - 43*g + 28. What is the ten thousands digit of d(3)?
1
What is the thousands digit of 10065 + (11 + -13)/(4/10)?
0
Let u be (-1)/3*-611*3. Let v be (-618)/1648 + 70/4*(-2)/(-8). Suppose o + b = -2*o + 467, -u = -v*o + b. What is the tens digit of o?
5
Let n = 140 - 129. Let m = 10 + -10. Suppose -n*t + 6 + 137 = m. What is the tens digit of t?
1
Suppose -54921 = 20*y - 138471 - 80650. What is the tens digit of y?
1
Suppose 25*r + 2096 - 596 = 0. What is the tens digit of ((-5)/(r/8))/((-8)/(-14124))?
7
Let h be ((-3330)/(-4))/(-12 - (-25)/2). Suppose h = 6*u - 6975. What is the hundreds digit of u?
4
Suppose -19*l + 539335 + 486969 = 0. What is the thousands digit of l?
4
Suppose -7*o + 360 = -410. Let a = -90 + o. What is the units digit of (-6)/(-4) + 50/a?
4
Let n(m) = -44235*m**3 - 2*m**2 + m + 1. What is the thousands digit of n(-1)?
4
Suppose 7*u = -5*u + 252. Suppose u = 6*t + 9. Suppose -3*g = -4*m - 36, 2*m - 13 + 3 = -t*g. What is the units digit of g?
8
Let q(c) = -7*c**2 - 3*c + 2. Let j be q(2). Let w = 29 + j. What is the units digit of (-46)/(-8) + w/(-12)?
6
What is the hundreds digit of 28102*(7/(336/(-18)))/(6/(-8))?
0
Let b be 90/12 + (14/(-4) - -2). Suppose 3*f = b*f - 702. What is the hundreds digit of f?
2
What is the hundreds digit of 2545441/785*5*1?
2
What is the hundreds digit of -440*(-2)/3*696/16?
7
Let j = 551 + -538. Let m(v) = -v**3 + 15*v**2 - 15*v - 43. What is the units digit of m(j)?
0
Suppose 6 - 6 = -4*r. Suppose -3*c = r, -70 - 16 = -z - 5*c. What is the units digit of z?
6
What is the tens digit of (-34)/(272/(-184600)) - -16?
9
Let o(c) = -3*c**3 - 2*c + 9. Let l be o(-4). What is the units digit of (-38)/l - (-684)/11?
2
Suppose -4286 = 12*b - 15854. Let y = 5 + b. What is the tens digit of y?
6
Let m(k) = -k**3. Suppose -226*o - 3 = -223*o. Let b(d) = 29*d**3 + 6*d + 9. Let g(y) = o*b(y) - 5*m(y). What is the tens digit of g(-2)?
9
Suppose -4*z - 8*h = -23892, 20*h - 23829 = -4*z + 21*h. What is the hundreds digit of z?
9
Suppose -59*a + 20 = -55*a. Suppose -35 + 10 = -5*j, -a*c - 990 = 3*j. Let h = -118 - c. What is the units digit of h?
3
Let k = 3480 - 204. Suppose 7*x - 21*x = -k. What is the tens digit of x?
3
Let z(y) = 2149*y**3 - y. Let w be z(1). Suppose -5*l = 15 - 85. Suppose -l*t = -2*t - w. What is the tens digit of t?
7
Let y(r) = 2*r**2 - 4*r - 3. Suppose 4*a + 3*v = 84, 4*a - 15 - 69 = -4*v. Suppose 0 = b + 5, -2*b = d - 5*b - a. What is the units digit of y(d)?
5
Let w(m) = 2930*m**2 + 3*m + 1. Let b be w(-1). Suppose 59*x - b = 51*x. What is the hundreds digit of x?
3
Let a be (27 + -29)/((-2)/11). Suppose 0 = -c + 4*b + 242, -3*c - a*b + 811 = -6*b. What is the tens digit of c?
6
Let h be ((-2)/(-8))/(11/26444). Suppose 3*c = -2*a + h, 11*a - 8*a - 2*c = 882. What is the units digit of a?
6
Let p(f) = 3*f**2 + 3*f + 16. Let y be -3 + 0 - 4/4. What is the tens digit of p(y)?
5
Let d be 6 + -11 + (-886)/(-1). Let r = 1903 - d. What is the thousands digit of r?
1
Let r(v) be the second derivative of v**5/20 - 5*v**4/6 + 7*v**3/3 - v**2 + 18*v. Let b be r(6). Let q = -11 - b. What is the units digit of q?
1
Let d(i) = -i**2 + i + 47. Let r be (-63)/(-21) + 0 + -1. Suppose g = -5*f - 5, 0 - 2 = -4*g + r*f. What is the tens digit of d(g)?
4
Let l(x) = x**3 + 23*x**2 + 21*x - 9. Let b be l(-22). What is the units digit of (5213/b)/((-1)/(-2))?
2
Let a(q) = -1242*q - 6347. What is the hundreds digit of a(-7)?
3
Let a(o) = o**3 + 11*o**2 + 17*o + 6. Let t be a(-9). Suppose -10*f + 9150 = t*f. What is the units digit of f?
6
Let j be (5/2)/(8/96). Suppose j*u - 31*u + 182 = 0. What is the hundreds digit of u?
1
Let z = 58 + 586. Let r = -317 + z. Let l = -229 + r. What is the units digit of l?
8
Let q = -416 + 958. Suppose 4*l - 2338 = -q. What is the units digit of l?
9
Suppose 2*m - 11076 = x + 6212, 5*x = -2*m + 17300. What is the tens digit of m?
4
Let r(z) = -476*z**3 - z**2 - 4*z - 1. Suppose 0 = -5*j + 19 - 24. What is the hundreds digit of r(j)?
4
Suppose -4*d = -3*u + 60863, 3*u - 4*u = -d - 20286. Suppose u = -r + 18*r. What is the units digit of r?
3
Suppose i = -2*u + 26805, 4*u + 134067 = 84*i - 79*i. Suppose 15*x = i - 3096. What is the thousands digit of x?
1
Let p(s) = -3*s**3 - 374*s**2 + 185*s**2 + 9*s + 3 + 186*s**2. What is the units digit of p(-5)?
8
Suppose b - 2*j = 1 + 12, -4*j - 20 = 0. What is the tens digit of b/4 + (-15526)/(-56)?
7
Let n(q) be the first derivative of q**3/3 + 17. Let g be n(2). Suppose l - 5*y = -l + 182, 2*l + g*y = 164. What is the units digit of l?
6
Let s = 24 - 26. Let y = s - -5. What is the tens digit of (23 - 20)*49/y?
4
Suppose 6*h = 76 + 56. Suppose 4088 = h*a - 12808. What is the hundreds digit of a?
7
Let z(v) be the third derivative of -v**6/120 - 7*v**5/60 + v**4/6 + 7*v**3/6 - 10*v**2. What is the units digit of z(-8)?
9
Suppose -u + 10*f = 5*f - 18, -2*u + 2*f = -12. Suppose -3*w + 5*m = -1449, u*m = -4*w + 2*m + 1955. Suppose 2*d - w = -78. What is the tens digit of d?
0
Suppose -10*u = 63 - 11986 - 577. What is the units digit of u?
0
Suppose 76*t + 1642284 = -32*t + 8886384. What is the ten thousands digit of t?
6
Let c(y) = y**3 + 18*y**2 - 35*y - 14. Let h be c(10). Suppose -8*d = -2*d - h. What is the hundreds digit of d?
4
Let l = 79 + -79. Suppose -10*v = -l*v. Suppose -2*m + 6 = -4*m, v = 3*k + 5*m - 30. What is the tens digit of k?
1
Let c(x) = -31*x**3 - 3*x + 23. What is the units digit of c(-6)?
7
Let s be (2/24 - (-37)/148)*-3. Let f(t) = 148*t**2 + 129*t**2 + 2*t - 35*t**2. What is the hundreds digit of f(s)?
2
Let t(r) = -2*r**3 + 7*r**2 - 7*r + 1. Let b be t(-6). Let d = 346 - b. Let x = -204 - d. What is the units digit of x?
7
Let m(f) = -6*f**2 + f**3 - 2*f + 3 + 20*f**2 - 3*f - 10*f**2. Let t be m(-5). What is the tens digit of t/(-6) + (-14)/(-4) + 19?
2
Let u = -33 - -39. Let j(i) = -4 + 2*i**2 - u + 4 + 10*i. What is the tens digit of j(-10)?
9
Let d(q)